{"id":893,"date":"2024-10-24T10:06:27","date_gmt":"2024-10-24T15:06:27","guid":{"rendered":"https:\/\/multitiendaelectro.com\/?post_type=product&#038;p=893"},"modified":"2025-07-04T17:35:33","modified_gmt":"2025-07-04T22:35:33","slug":"lampara-solar-cafini-para-exterior-o-pared-con-sensor-de-movimiento-cn-l3701bt","status":"publish","type":"product","link":"https:\/\/multitiendaelectro.com\/?product=lampara-solar-cafini-para-exterior-o-pared-con-sensor-de-movimiento-cn-l3701bt","title":{"rendered":"CN-L3701BT Lampara Solar Cafini para Exterior o Pared con Sensor de Movimiento"},"content":{"rendered":"<div>\n<div>\n<h3><strong>Iluminaci\u00f3n:\u00a0<\/strong><\/h3>\n<ul>\n<li>\n<div>Este dispositivo cuenta con Luz amarilla que proporcionan una excelente iluminaci\u00f3n. Est\u00e1 equipado con un panel solar que absorbe energ\u00eda durante el d\u00eda y la almacena en su bater\u00eda interna para activarse autom\u00e1ticamente al detectar oscuridad. Con este sistema, se puede reducir el consumo de electricidad, eliminando la necesidad de instalaciones tradicionales costosas y complicadas, que requieren cableado y botones. Adem\u00e1s, incrementa la seguridad del hogar.<\/div>\n<\/li>\n<li>\n<div>El modo de iluminaci\u00f3n funciona de manera que la luz se enciende al detectar movimiento en la oscuridad y se apaga 20 segundos despu\u00e9s de no detectar m\u00e1s movimiento. Es decir, mientras alguien est\u00e9 dentro del rango de detecci\u00f3n, la luz permanecer\u00e1 encendida y se apagar\u00e1 20 segundos despu\u00e9s de que la persona se aleje.<\/div>\n<\/li>\n<\/ul>\n<\/div>\n<h3><strong>Lugares de instalaci\u00f3n:<\/strong><\/h3>\n<ul>\n<li>Puedes usar iluminar tus espacios de tr\u00e1nsito con seguridad, si buscas una soluci\u00f3n Perfecta para iluminar las zonas de tr\u00e1nsito en tu hogar o negocio, este producto es lo que necesitas. Con un dise\u00f1o moderno y eficiente, es ideal para asegurar que tus \u00e1reas m\u00e1s transitadas est\u00e9n siempre bien iluminadas y seguras. Esta lampara es apta para exteriores y pared para su instalaci\u00f3n: Aseg\u00farate de que tu patio est\u00e9 siempre iluminado, sin importar la hora del d\u00eda. Ya sea para disfrutar de reuniones nocturnas o simplemente para transitar de manera segura, esta l\u00e1mpara ofrece la luz adecuada con un toque decorativo y funcional.<\/li>\n<\/ul>\n<h3><strong>Especificaciones:<\/strong><\/h3>\n<p><strong>Luces:<\/strong><\/p>\n<ul>\n<li>Luz c\u00e1lida fuerte<\/li>\n<li>Luz c\u00e1lida normal<\/li>\n<li>Luz c\u00e1lida bajo<\/li>\n<\/ul>\n<div><\/div>\n<div><strong>Bater\u00eda:<\/strong><\/div>\n<ul>\n<li>1 de 1200<\/li>\n<li>Recargable mediante panel solar<\/li>\n<\/ul>\n<div><\/div>\n<div><strong>Dimensiones:<\/strong><\/div>\n<ul>\n<li>16&#215;16 cm<\/li>\n<\/ul>\n<\/div>\n<h3><strong>Accesorios incluidos:<\/strong><\/h3>\n<ul>\n<li>\n<div>1 L\u00e1mpara luz c\u00e1lida<\/div>\n<\/li>\n<li>\n<div>Tarugos y pernos<\/div>\n<\/li>\n<\/ul>\n","protected":false},"excerpt":{"rendered":"<p><strong>Condici\u00f3n del producto:\u00a0<\/strong> Nuevo<\/p>\n<p><strong>Material: <\/strong>\u00a0ABS<\/p>\n<p><strong>Marca: <\/strong>Cafini<\/p>\n<p><strong>Modelo:\u00a0<\/strong> CN-L3701BT<\/p>\n<p><strong>Pa\u00eds de origen: <\/strong>China<\/p>\n<p><strong>Resistente al agua:\u00a0<\/strong>Si<\/p>\n","protected":false},"featured_media":894,"comment_status":"closed","ping_status":"closed","template":"","meta":{"advanced_seo_description":"","jetpack_seo_html_title":"","jetpack_seo_noindex":false},"product_brand":[],"product_cat":[79],"product_tag":[119],"class_list":{"0":"post-893","1":"product","2":"type-product","3":"status-publish","4":"has-post-thumbnail","6":"product_cat-lamparas-solares","7":"product_tag-oferta","8":"wzta-woo-product-list","9":"opn-qv-enable","10":"royal-shop-woo-hover-zoom","11":"royal-shop-single-product-tab-horizontal","12":"royal-shop-shadow-","13":"royal-shop-shadow-hover-","15":"first","16":"instock","17":"sale","18":"shipping-taxable","19":"purchasable","20":"product-type-simple"},"jetpack_sharing_enabled":true,"_links":{"self":[{"href":"https:\/\/multitiendaelectro.com\/index.php?rest_route=\/wp\/v2\/product\/893","targetHints":{"allow":["GET"]}}],"collection":[{"href":"https:\/\/multitiendaelectro.com\/index.php?rest_route=\/wp\/v2\/product"}],"about":[{"href":"https:\/\/multitiendaelectro.com\/index.php?rest_route=\/wp\/v2\/types\/product"}],"replies":[{"embeddable":true,"href":"https:\/\/multitiendaelectro.com\/index.php?rest_route=%2Fwp%2Fv2%2Fcomments&post=893"}],"wp:featuredmedia":[{"embeddable":true,"href":"https:\/\/multitiendaelectro.com\/index.php?rest_route=\/wp\/v2\/media\/894"}],"wp:attachment":[{"href":"https:\/\/multitiendaelectro.com\/index.php?rest_route=%2Fwp%2Fv2%2Fmedia&parent=893"}],"wp:term":[{"taxonomy":"product_brand","embeddable":true,"href":"https:\/\/multitiendaelectro.com\/index.php?rest_route=%2Fwp%2Fv2%2Fproduct_brand&post=893"},{"taxonomy":"product_cat","embeddable":true,"href":"https:\/\/multitiendaelectro.com\/index.php?rest_route=%2Fwp%2Fv2%2Fproduct_cat&post=893"},{"taxonomy":"product_tag","embeddable":true,"href":"https:\/\/multitiendaelectro.com\/index.php?rest_route=%2Fwp%2Fv2%2Fproduct_tag&post=893"}],"curies":[{"name":"wp","href":"https:\/\/api.w.org\/{rel}","templated":true}]}}