{"id":808,"date":"2024-10-18T10:58:33","date_gmt":"2024-10-18T15:58:33","guid":{"rendered":"https:\/\/multitiendaelectro.com\/?post_type=product&#038;p=808"},"modified":"2026-03-04T11:33:58","modified_gmt":"2026-03-04T16:33:58","slug":"parlante-portatil-con-bluetooth-tws-y-extra-potencia-de-sonido-original-lidimi-ld-s649","status":"publish","type":"product","link":"https:\/\/multitiendaelectro.com\/?product=parlante-portatil-con-bluetooth-tws-y-extra-potencia-de-sonido-original-lidimi-ld-s649","title":{"rendered":"LD-S649 PARLANTE PORT\u00c1TIL CON BLUETOOTH TWS Y EXTRA POTENCIA DE SONIDO ORIGINAL LIDIMI"},"content":{"rendered":"<h3>PARLANTE PORT\u00c1TIL LUCES RGB LIDIMI LD-S649<\/h3>\n<ul>\n<li><strong>BASS++:<\/strong> Siente cada golpe de ritmo con el poder extra de Bass++. Nuestros parlantes est\u00e1n dise\u00f1ados para ofrecer unos graves intensos y profundos que amplifican cada canci\u00f3n. Perfecto para quienes buscan una experiencia de sonido vibrante, donde cada nota grave se siente en el cuerpo. \u00a1Lleva tu m\u00fasica al l\u00edmite con el impresionante Bass++<\/li>\n<li><strong>Wireless dual sound: <\/strong>Conecta dos parlantes sin cables y disfruta de una experiencia est\u00e9reo envolvente en cualquier espacio. Perfecto para crear un sonido expansivo en grandes \u00e1reas o para sumergirte en tus canciones favoritas sin perder calidad ni claridad. \u00a1Lleva tu m\u00fasica al siguiente nivel con la libertad del Wireless Dual Sound!<\/li>\n<li><strong>Luces RGB: <\/strong>Luces de colores que van con junto al ritmo del sonido.<\/li>\n<li><strong>Tama\u00f1o port\u00e1til:<\/strong> 11&#215;14.5&#215;25.2 cm<\/li>\n<li><strong>Bater\u00eda:<\/strong> 2000 mAh<\/li>\n<li><strong>Duraci\u00f3n de bater\u00eda:<\/strong> 8 horas de reproducci\u00f3n<\/li>\n<li><strong>Tiempo de carga:<\/strong> 2 horas para obtener el 100%<\/li>\n<li><strong>Entrada de carga:\u00a0<\/strong>USB tipo C<\/li>\n<li><strong>Potencia:<\/strong> 10W<\/li>\n<li><strong>Radio FM integrada:<\/strong> Este parlante cuenta con radio FM para que no dejes de escuchar a tu emisora favorita.<\/li>\n<li><strong>Contestador de llamadas:<\/strong> Este parlante cuenta con un micr\u00f3fono incorporado que te permite contestar llamadas.<\/li>\n<li><strong>Bluetooth:<\/strong> 5.2<\/li>\n<li><strong>Conexi\u00f3n Bluetooth:<\/strong> Reproducci\u00f3n inal\u00e1mbrica desde cualquier tipo de dispositivo<\/li>\n<li><strong>Otras conexiones:<\/strong> USB\/TF\/AUX<\/li>\n<\/ul>\n<h3><b>Accesorios incluidos:<\/b><\/h3>\n<div>\n<ul>\n<li>1 Parlante port\u00e1til<\/li>\n<li>1 Cable de carga USB tipo C<\/li>\n<li>1 Cable auxiliar<\/li>\n<li>1 Manual<\/li>\n<\/ul>\n<\/div>\n","protected":false},"excerpt":{"rendered":"<p><strong>Condici\u00f3n del producto:\u00a0<\/strong> Nuevo<\/p>\n<p><strong>Material: <\/strong>\u00a0ABS<\/p>\n<p><strong>Marca:\u00a0<\/strong>Lidimi<\/p>\n<p><strong>Modelo:\u00a0<\/strong> LD-S649<\/p>\n<p><strong>Pa\u00eds de origen: <\/strong>China<\/p>\n<p><strong>Potencia:<\/strong> 10W<\/p>\n<p><strong>Resistente al agua:\u00a0<\/strong>No<\/p>\n","protected":false},"featured_media":827,"comment_status":"closed","ping_status":"closed","template":"","meta":{"advanced_seo_description":"","jetpack_seo_html_title":"","jetpack_seo_noindex":false},"product_brand":[97],"product_cat":[53,54],"product_tag":[],"class_list":{"0":"post-808","1":"product","2":"type-product","3":"status-publish","4":"has-post-thumbnail","6":"product_brand-lidimi","7":"product_cat-parlantes","8":"product_cat-mini-parlantes","9":"product_shipping_class-paquete-s","10":"wzta-woo-product-list","11":"opn-qv-enable","12":"royal-shop-woo-hover-zoom","13":"royal-shop-single-product-tab-horizontal","14":"royal-shop-shadow-","15":"royal-shop-shadow-hover-","17":"first","18":"instock","19":"purchasable","20":"product-type-simple"},"jetpack_sharing_enabled":true,"_links":{"self":[{"href":"https:\/\/multitiendaelectro.com\/index.php?rest_route=\/wp\/v2\/product\/808","targetHints":{"allow":["GET"]}}],"collection":[{"href":"https:\/\/multitiendaelectro.com\/index.php?rest_route=\/wp\/v2\/product"}],"about":[{"href":"https:\/\/multitiendaelectro.com\/index.php?rest_route=\/wp\/v2\/types\/product"}],"replies":[{"embeddable":true,"href":"https:\/\/multitiendaelectro.com\/index.php?rest_route=%2Fwp%2Fv2%2Fcomments&post=808"}],"wp:featuredmedia":[{"embeddable":true,"href":"https:\/\/multitiendaelectro.com\/index.php?rest_route=\/wp\/v2\/media\/827"}],"wp:attachment":[{"href":"https:\/\/multitiendaelectro.com\/index.php?rest_route=%2Fwp%2Fv2%2Fmedia&parent=808"}],"wp:term":[{"taxonomy":"product_brand","embeddable":true,"href":"https:\/\/multitiendaelectro.com\/index.php?rest_route=%2Fwp%2Fv2%2Fproduct_brand&post=808"},{"taxonomy":"product_cat","embeddable":true,"href":"https:\/\/multitiendaelectro.com\/index.php?rest_route=%2Fwp%2Fv2%2Fproduct_cat&post=808"},{"taxonomy":"product_tag","embeddable":true,"href":"https:\/\/multitiendaelectro.com\/index.php?rest_route=%2Fwp%2Fv2%2Fproduct_tag&post=808"}],"curies":[{"name":"wp","href":"https:\/\/api.w.org\/{rel}","templated":true}]}}