{"id":4330,"date":"2025-10-28T16:06:04","date_gmt":"2025-10-28T21:06:04","guid":{"rendered":"https:\/\/multitiendaelectro.com\/?post_type=product&#038;p=4330"},"modified":"2026-04-01T16:36:38","modified_gmt":"2026-04-01T21:36:38","slug":"sc-ty2623-sistema-de-energia-solar-sanci-1500w","status":"publish","type":"product","link":"https:\/\/multitiendaelectro.com\/?product=sc-ty2623-sistema-de-energia-solar-sanci-1500w","title":{"rendered":"SC-TY2623 Sistema de Energ\u00eda Solar Sanci &#8211; 1500W"},"content":{"rendered":"<h2 data-start=\"236\" data-end=\"291\"><strong data-start=\"239\" data-end=\"291\">Sistema de Energ\u00eda Solar SANCI SC-TY2623 (1500W)<\/strong><\/h2>\n<h3 data-start=\"293\" data-end=\"314\"><strong data-start=\"297\" data-end=\"312\">Descripci\u00f3n:<\/strong><\/h3>\n<p data-start=\"315\" data-end=\"870\">El SANCI SC-TY2623 de 1500W es un sistema de energ\u00eda solar port\u00e1til dise\u00f1ado para ofrecer electricidad confiable sin depender completamente del suministro p\u00fablico.<br data-start=\"486\" data-end=\"489\" \/>Gracias a su bater\u00eda de litio, inversor de alta frecuencia industrial y controlador solar inteligente, este equipo proporciona energ\u00eda continua para tus electrodom\u00e9sticos, herramientas y dispositivos electr\u00f3nicos, incluso durante cortes de luz.<br data-start=\"737\" data-end=\"740\" \/>Es ideal para hogares, talleres, zonas rurales o negocios que buscan ahorrar energ\u00eda y tener respaldo el\u00e9ctrico todo el d\u00eda.<\/p>\n<h3 data-start=\"877\" data-end=\"902\"><strong data-start=\"881\" data-end=\"900\">Caracter\u00edsticas:<\/strong><\/h3>\n<ul data-start=\"903\" data-end=\"1512\">\n<li data-start=\"903\" data-end=\"934\">\n<p data-start=\"905\" data-end=\"934\">Potencia: 1500W<\/p>\n<\/li>\n<li data-start=\"935\" data-end=\"1003\">\n<p data-start=\"937\" data-end=\"1003\">Arquitectura: Frecuencia industrial (m\u00e1s estable y duradera)<\/p>\n<\/li>\n<li data-start=\"1004\" data-end=\"1088\">\n<p data-start=\"1006\" data-end=\"1088\">Tipo de bater\u00eda: Litio recargable mediante panel solar o corriente el\u00e9ctrica<\/p>\n<\/li>\n<li data-start=\"1089\" data-end=\"1136\">\n<p data-start=\"1091\" data-end=\"1136\">Controlador solar: Integrado, tipo MPPT<\/p>\n<\/li>\n<li data-start=\"1137\" data-end=\"1220\">\n<p data-start=\"1139\" data-end=\"1220\">Tipo de salida: Onda sinusoidal pura (energ\u00eda limpia para cualquier equipo)<\/p>\n<\/li>\n<li data-start=\"1221\" data-end=\"1279\">\n<p data-start=\"1223\" data-end=\"1279\">Entradas de carga: Solar y AC (corriente de pared)<\/p>\n<\/li>\n<li data-start=\"1280\" data-end=\"1405\">\n<p data-start=\"1282\" data-end=\"1296\">Salidas:<\/p>\n<ul data-start=\"1299\" data-end=\"1405\">\n<li data-start=\"1299\" data-end=\"1325\">\n<p data-start=\"1301\" data-end=\"1325\">2 puertos USB (5V)<\/p>\n<\/li>\n<li data-start=\"1328\" data-end=\"1354\">\n<p data-start=\"1330\" data-end=\"1354\">2 salidas DC (12V)<\/p>\n<\/li>\n<li data-start=\"1357\" data-end=\"1405\">\n<p data-start=\"1359\" data-end=\"1405\">2 salidas AC ( 50 a 60Hz)<\/p>\n<\/li>\n<\/ul>\n<\/li>\n<li data-start=\"1406\" data-end=\"1446\">\n<p data-start=\"1408\" data-end=\"1446\">Dimensiones: 44.5 \u00d7 31.5 \u00d7 55 cm<\/p>\n<\/li>\n<li data-start=\"1447\" data-end=\"1512\">\n<p data-start=\"1449\" data-end=\"1512\">Dise\u00f1o: port\u00e1til, resistente y con ruedas para transporte<\/p>\n<\/li>\n<\/ul>\n<h3 data-start=\"1519\" data-end=\"1538\"><strong data-start=\"1523\" data-end=\"1536\">Funciones:<\/strong><\/h3>\n<ul data-start=\"1539\" data-end=\"2407\">\n<li data-start=\"1539\" data-end=\"1714\">\n<p data-start=\"1541\" data-end=\"1714\">Energ\u00eda para varios aparatos a la vez: permite mantener conectados refrigeradoras peque\u00f1as, televisores, luces, ventiladores y otros electrodom\u00e9sticos de bajo consumo.<\/p>\n<\/li>\n<li data-start=\"1715\" data-end=\"1827\">\n<p data-start=\"1717\" data-end=\"1827\">Modo h\u00edbrido: funciona con energ\u00eda solar y tambi\u00e9n puede recargarse con corriente el\u00e9ctrica tradicional.<\/p>\n<\/li>\n<li data-start=\"1828\" data-end=\"1949\">\n<p data-start=\"1830\" data-end=\"1949\">Energ\u00eda estable: su tecnolog\u00eda de onda sinusoidal pura evita fluctuaciones, protegiendo tus equipos electr\u00f3nicos.<\/p>\n<\/li>\n<li data-start=\"1950\" data-end=\"2074\">\n<p data-start=\"1952\" data-end=\"2074\">Sistema de refrigeraci\u00f3n interna: evita el sobrecalentamiento, asegurando un rendimiento \u00f3ptimo en climas calurosos.<\/p>\n<\/li>\n<li data-start=\"2075\" data-end=\"2194\">\n<p data-start=\"2077\" data-end=\"2194\">Protecci\u00f3n completa: cuenta con sistema de seguridad contra sobrecarga, cortocircuitos y exceso de temperatura.<\/p>\n<\/li>\n<li data-start=\"2195\" data-end=\"2325\">\n<p data-start=\"2197\" data-end=\"2325\">F\u00e1cil movilidad: gracias a sus ruedas y dise\u00f1o compacto, puedes transportarlo f\u00e1cilmente en casa, oficina o zonas rurales.<\/p>\n<\/li>\n<li data-start=\"2326\" data-end=\"2407\">\n<p data-start=\"2328\" data-end=\"2407\">Silencioso y ecol\u00f3gico: genera energ\u00eda limpia sin ruido ni contaminaci\u00f3n.<\/p>\n<\/li>\n<\/ul>\n","protected":false},"excerpt":{"rendered":"<p>Condici\u00f3n del producto: Nuevo<\/p>\n<p>Material: Metal galvanizado con recubrimiento electrost\u00e1tico<\/p>\n<p>Marca: Sanci<\/p>\n<p>Modelo: SC-TY2623<\/p>\n<p>Pa\u00eds de origen: China<\/p>\n<p>Potencia: 1500W<\/p>\n","protected":false},"featured_media":4331,"comment_status":"open","ping_status":"closed","template":"","meta":{"advanced_seo_description":"","jetpack_seo_html_title":"","jetpack_seo_noindex":false},"product_brand":[99],"product_cat":[52],"product_tag":[],"class_list":{"0":"post-4330","1":"product","2":"type-product","3":"status-publish","4":"has-post-thumbnail","6":"product_brand-sanci","7":"product_cat-estacion-de-energia-portatil","8":"wzta-woo-product-list","9":"opn-qv-enable","10":"royal-shop-woo-hover-zoom","11":"royal-shop-single-product-tab-horizontal","12":"royal-shop-shadow-","13":"royal-shop-shadow-hover-","15":"first","16":"instock","17":"shipping-taxable","18":"purchasable","19":"product-type-simple"},"jetpack_sharing_enabled":true,"_links":{"self":[{"href":"https:\/\/multitiendaelectro.com\/index.php?rest_route=\/wp\/v2\/product\/4330","targetHints":{"allow":["GET"]}}],"collection":[{"href":"https:\/\/multitiendaelectro.com\/index.php?rest_route=\/wp\/v2\/product"}],"about":[{"href":"https:\/\/multitiendaelectro.com\/index.php?rest_route=\/wp\/v2\/types\/product"}],"replies":[{"embeddable":true,"href":"https:\/\/multitiendaelectro.com\/index.php?rest_route=%2Fwp%2Fv2%2Fcomments&post=4330"}],"wp:featuredmedia":[{"embeddable":true,"href":"https:\/\/multitiendaelectro.com\/index.php?rest_route=\/wp\/v2\/media\/4331"}],"wp:attachment":[{"href":"https:\/\/multitiendaelectro.com\/index.php?rest_route=%2Fwp%2Fv2%2Fmedia&parent=4330"}],"wp:term":[{"taxonomy":"product_brand","embeddable":true,"href":"https:\/\/multitiendaelectro.com\/index.php?rest_route=%2Fwp%2Fv2%2Fproduct_brand&post=4330"},{"taxonomy":"product_cat","embeddable":true,"href":"https:\/\/multitiendaelectro.com\/index.php?rest_route=%2Fwp%2Fv2%2Fproduct_cat&post=4330"},{"taxonomy":"product_tag","embeddable":true,"href":"https:\/\/multitiendaelectro.com\/index.php?rest_route=%2Fwp%2Fv2%2Fproduct_tag&post=4330"}],"curies":[{"name":"wp","href":"https:\/\/api.w.org\/{rel}","templated":true}]}}