{"id":3725,"date":"2025-08-27T15:40:48","date_gmt":"2025-08-27T20:40:48","guid":{"rendered":"https:\/\/multitiendaelectro.com\/?post_type=product&#038;p=3725"},"modified":"2025-09-19T11:32:07","modified_gmt":"2025-09-19T16:32:07","slug":"ollie-electric-scooter-500w-35km-200-kg","status":"publish","type":"product","link":"https:\/\/multitiendaelectro.com\/?product=ollie-electric-scooter-500w-35km-200-kg","title":{"rendered":"Ollie Electric Scooter 500W (35km) &#8211; 200 Kg"},"content":{"rendered":"<h1 data-start=\"1039\" data-end=\"1104\">Scooter Urbano El\u00e9ctrico Ollie 500W \u2013 Soporta hasta 200 kg<\/h1>\n<h3 data-start=\"1106\" data-end=\"1365\"><strong data-start=\"1106\" data-end=\"1121\">Descripci\u00f3n:<\/strong><\/h3>\n<p data-start=\"1106\" data-end=\"1365\">El Scooter Urbano El\u00e9ctrico Ollie 500W ofrece mayor potencia y resistencia, ideal para quienes necesitan m\u00e1s velocidad y soporte de carga. Con autonom\u00eda de hasta 35 km y un motor de 500 W, es perfecto para viajes urbanos m\u00e1s exigentes.<\/p>\n<h3 data-start=\"1367\" data-end=\"1400\"><strong data-start=\"1367\" data-end=\"1398\">Caracter\u00edsticas:<\/strong><\/h3>\n<ul data-start=\"1401\" data-end=\"1654\">\n<li data-start=\"1401\" data-end=\"1439\">\n<p data-start=\"1403\" data-end=\"1439\">Dimensiones: 108 \u00d7 43 \u00d7 114 cm<\/p>\n<\/li>\n<li data-start=\"1440\" data-end=\"1462\">\n<p data-start=\"1442\" data-end=\"1462\">Llantas: 10 mm<\/p>\n<\/li>\n<li data-start=\"1463\" data-end=\"1483\">\n<p data-start=\"1465\" data-end=\"1483\">Motor: 500 W<\/p>\n<\/li>\n<li data-start=\"1484\" data-end=\"1513\">\n<p data-start=\"1486\" data-end=\"1513\">Bater\u00eda: 36 V \/ 10 Ah<\/p>\n<\/li>\n<li data-start=\"1514\" data-end=\"1550\">\n<p data-start=\"1516\" data-end=\"1550\">Tiempo de carga: 4 \u2013 6 horas<\/p>\n<\/li>\n<li data-start=\"1551\" data-end=\"1590\">\n<p data-start=\"1553\" data-end=\"1590\">Autonom\u00eda: hasta 8 horas de uso<\/p>\n<\/li>\n<li data-start=\"1591\" data-end=\"1624\">\n<p data-start=\"1593\" data-end=\"1624\">Velocidad m\u00e1xima: 35 km\/h<\/p>\n<\/li>\n<li data-start=\"1625\" data-end=\"1654\">\n<p data-start=\"1627\" data-end=\"1654\">Soporta hasta: 200 kg<\/p>\n<\/li>\n<\/ul>\n<h3 data-start=\"1656\" data-end=\"1682\"><strong data-start=\"1656\" data-end=\"1680\">Funciones:<\/strong><\/h3>\n<ul data-start=\"1683\" data-end=\"1857\">\n<li data-start=\"1683\" data-end=\"1722\">\n<p data-start=\"1685\" data-end=\"1722\">Motor de alto rendimiento de 500 W.<\/p>\n<\/li>\n<li data-start=\"1723\" data-end=\"1799\">\n<p data-start=\"1725\" data-end=\"1799\">Resistente y dise\u00f1ado para usuarios que requieren mayor soporte de peso.<\/p>\n<\/li>\n<li data-start=\"1800\" data-end=\"1857\">\n<p data-start=\"1802\" data-end=\"1857\">Mayor velocidad y recorrido frente a modelos b\u00e1sicos.<\/p>\n<\/li>\n<\/ul>\n<h3 data-start=\"1859\" data-end=\"2008\"><strong data-start=\"1859\" data-end=\"1875\">D\u00f3nde usarlo:\u00a0<\/strong><\/h3>\n<h4 data-start=\"1859\" data-end=\"2008\">Ideal para trayectos m\u00e1s largos, usuarios que buscan mayor potencia o que requieren un scooter m\u00e1s resistente para el d\u00eda a d\u00eda.<\/h4>\n","protected":false},"excerpt":{"rendered":"<p><strong>Marca:<\/strong> Ollie<\/p>\n<p><strong>Motor:<\/strong> 500W<\/p>\n<p><strong>Pa\u00eds de origen:<\/strong> China<\/p>\n<p><strong>Peso m\u00e1ximo:<\/strong> 200 Kg<\/p>\n<p><strong>Velocidad M\u00e1xima:<\/strong> 35 Km\/h<\/p>\n","protected":false},"featured_media":3726,"comment_status":"open","ping_status":"closed","template":"","meta":{"advanced_seo_description":"","jetpack_seo_html_title":"","jetpack_seo_noindex":false},"product_brand":[138],"product_cat":[137],"product_tag":[],"class_list":{"0":"post-3725","1":"product","2":"type-product","3":"status-publish","4":"has-post-thumbnail","6":"product_brand-ollie","7":"product_cat-scooter-electrico","8":"wzta-woo-product-list","9":"opn-qv-enable","10":"royal-shop-woo-hover-zoom","11":"royal-shop-single-product-tab-horizontal","12":"royal-shop-shadow-","13":"royal-shop-shadow-hover-","15":"first","16":"instock","17":"shipping-taxable","18":"purchasable","19":"product-type-simple"},"jetpack_sharing_enabled":true,"_links":{"self":[{"href":"https:\/\/multitiendaelectro.com\/index.php?rest_route=\/wp\/v2\/product\/3725","targetHints":{"allow":["GET"]}}],"collection":[{"href":"https:\/\/multitiendaelectro.com\/index.php?rest_route=\/wp\/v2\/product"}],"about":[{"href":"https:\/\/multitiendaelectro.com\/index.php?rest_route=\/wp\/v2\/types\/product"}],"replies":[{"embeddable":true,"href":"https:\/\/multitiendaelectro.com\/index.php?rest_route=%2Fwp%2Fv2%2Fcomments&post=3725"}],"wp:featuredmedia":[{"embeddable":true,"href":"https:\/\/multitiendaelectro.com\/index.php?rest_route=\/wp\/v2\/media\/3726"}],"wp:attachment":[{"href":"https:\/\/multitiendaelectro.com\/index.php?rest_route=%2Fwp%2Fv2%2Fmedia&parent=3725"}],"wp:term":[{"taxonomy":"product_brand","embeddable":true,"href":"https:\/\/multitiendaelectro.com\/index.php?rest_route=%2Fwp%2Fv2%2Fproduct_brand&post=3725"},{"taxonomy":"product_cat","embeddable":true,"href":"https:\/\/multitiendaelectro.com\/index.php?rest_route=%2Fwp%2Fv2%2Fproduct_cat&post=3725"},{"taxonomy":"product_tag","embeddable":true,"href":"https:\/\/multitiendaelectro.com\/index.php?rest_route=%2Fwp%2Fv2%2Fproduct_tag&post=3725"}],"curies":[{"name":"wp","href":"https:\/\/api.w.org\/{rel}","templated":true}]}}