{"id":3723,"date":"2025-08-27T12:21:12","date_gmt":"2025-08-27T17:21:12","guid":{"rendered":"https:\/\/multitiendaelectro.com\/?post_type=product&#038;p=3723"},"modified":"2025-09-19T11:32:44","modified_gmt":"2025-09-19T16:32:44","slug":"ollie-electric-scooter-350w-30km-150-kg","status":"publish","type":"product","link":"https:\/\/multitiendaelectro.com\/?product=ollie-electric-scooter-350w-30km-150-kg","title":{"rendered":"Ollie Electric Scooter 350W (30km) &#8211; 150 Kg"},"content":{"rendered":"<h1 data-start=\"149\" data-end=\"214\">Scooter Urbano El\u00e9ctrico Ollie 350W \u2013 Soporta hasta 150 kg<\/h1>\n<h3 data-start=\"216\" data-end=\"462\"><strong data-start=\"216\" data-end=\"231\">Descripci\u00f3n:<\/strong><\/h3>\n<p data-start=\"216\" data-end=\"462\">El Scooter Urbano El\u00e9ctrico Ollie es la opci\u00f3n ideal para quienes buscan un transporte confiable, ligero y eficiente. Con un dise\u00f1o compacto y bater\u00eda de larga duraci\u00f3n, te permite recorrer hasta 30 km\/h con total comodidad.<\/p>\n<h3 data-start=\"464\" data-end=\"497\"><strong data-start=\"464\" data-end=\"495\">Caracter\u00edsticas:<\/strong><\/h3>\n<ul data-start=\"498\" data-end=\"751\">\n<li data-start=\"498\" data-end=\"536\">\n<p data-start=\"500\" data-end=\"536\">Dimensiones: 108 \u00d7 43 \u00d7 114 cm<\/p>\n<\/li>\n<li data-start=\"537\" data-end=\"558\">\n<p data-start=\"539\" data-end=\"558\">Llantas: 8 mm<\/p>\n<\/li>\n<li data-start=\"559\" data-end=\"579\">\n<p data-start=\"561\" data-end=\"579\">Motor: 350 W<\/p>\n<\/li>\n<li data-start=\"580\" data-end=\"610\">\n<p data-start=\"582\" data-end=\"610\">Bater\u00eda: 36 V \/ 7.8 Ah<\/p>\n<\/li>\n<li data-start=\"611\" data-end=\"647\">\n<p data-start=\"613\" data-end=\"647\">Tiempo de carga: 4 \u2013 6 horas<\/p>\n<\/li>\n<li data-start=\"648\" data-end=\"687\">\n<p data-start=\"650\" data-end=\"687\">Autonom\u00eda: hasta 8 horas de uso<\/p>\n<\/li>\n<li data-start=\"688\" data-end=\"721\">\n<p data-start=\"690\" data-end=\"721\">Velocidad m\u00e1xima: 30 km\/h<\/p>\n<\/li>\n<li data-start=\"722\" data-end=\"751\">\n<p data-start=\"724\" data-end=\"751\">Soporta hasta: 150 kg<\/p>\n<\/li>\n<\/ul>\n<h3 data-start=\"753\" data-end=\"779\"><strong data-start=\"753\" data-end=\"777\">Funciones:<\/strong><\/h3>\n<ul data-start=\"780\" data-end=\"914\">\n<li data-start=\"780\" data-end=\"823\">\n<p data-start=\"782\" data-end=\"823\">Transporte urbano ecol\u00f3gico y pr\u00e1ctico.<\/p>\n<\/li>\n<li data-start=\"824\" data-end=\"876\">\n<p data-start=\"826\" data-end=\"876\">Motor de 350 W, ideal para recorridos en ciudad.<\/p>\n<\/li>\n<li data-start=\"877\" data-end=\"914\">\n<p data-start=\"879\" data-end=\"914\">Dise\u00f1o ligero y f\u00e1cil de manejar.<\/p>\n<\/li>\n<\/ul>\n<h3 data-start=\"916\" data-end=\"1032\"><strong data-start=\"916\" data-end=\"932\">D\u00f3nde usarlo:<\/strong><\/h3>\n<h4 data-start=\"916\" data-end=\"1032\">Perfecto para trayectos cortos en la ciudad, ir al trabajo o estudiar sin depender del tr\u00e1fico.<\/h4>\n","protected":false},"excerpt":{"rendered":"<p><strong>Marca:<\/strong> Ollie<\/p>\n<p><strong>Motor:<\/strong> 350W<\/p>\n<p><strong>Pa\u00eds de origen:<\/strong> China<\/p>\n<p><strong>Peso m\u00e1ximo:<\/strong> 150 Kg<\/p>\n<p><strong>Velocidad M\u00e1xima:<\/strong> 30 Km\/h<\/p>\n","protected":false},"featured_media":3727,"comment_status":"open","ping_status":"closed","template":"","meta":{"advanced_seo_description":"","jetpack_seo_html_title":"","jetpack_seo_noindex":false},"product_brand":[138],"product_cat":[137],"product_tag":[],"class_list":{"0":"post-3723","1":"product","2":"type-product","3":"status-publish","4":"has-post-thumbnail","6":"product_brand-ollie","7":"product_cat-scooter-electrico","8":"wzta-woo-product-list","9":"opn-qv-enable","10":"royal-shop-woo-hover-zoom","11":"royal-shop-single-product-tab-horizontal","12":"royal-shop-shadow-","13":"royal-shop-shadow-hover-","15":"first","16":"instock","17":"shipping-taxable","18":"purchasable","19":"product-type-simple"},"jetpack_sharing_enabled":true,"_links":{"self":[{"href":"https:\/\/multitiendaelectro.com\/index.php?rest_route=\/wp\/v2\/product\/3723","targetHints":{"allow":["GET"]}}],"collection":[{"href":"https:\/\/multitiendaelectro.com\/index.php?rest_route=\/wp\/v2\/product"}],"about":[{"href":"https:\/\/multitiendaelectro.com\/index.php?rest_route=\/wp\/v2\/types\/product"}],"replies":[{"embeddable":true,"href":"https:\/\/multitiendaelectro.com\/index.php?rest_route=%2Fwp%2Fv2%2Fcomments&post=3723"}],"wp:featuredmedia":[{"embeddable":true,"href":"https:\/\/multitiendaelectro.com\/index.php?rest_route=\/wp\/v2\/media\/3727"}],"wp:attachment":[{"href":"https:\/\/multitiendaelectro.com\/index.php?rest_route=%2Fwp%2Fv2%2Fmedia&parent=3723"}],"wp:term":[{"taxonomy":"product_brand","embeddable":true,"href":"https:\/\/multitiendaelectro.com\/index.php?rest_route=%2Fwp%2Fv2%2Fproduct_brand&post=3723"},{"taxonomy":"product_cat","embeddable":true,"href":"https:\/\/multitiendaelectro.com\/index.php?rest_route=%2Fwp%2Fv2%2Fproduct_cat&post=3723"},{"taxonomy":"product_tag","embeddable":true,"href":"https:\/\/multitiendaelectro.com\/index.php?rest_route=%2Fwp%2Fv2%2Fproduct_tag&post=3723"}],"curies":[{"name":"wp","href":"https:\/\/api.w.org\/{rel}","templated":true}]}}