{"id":1900,"date":"2025-02-19T14:51:44","date_gmt":"2025-02-19T19:51:44","guid":{"rendered":"https:\/\/multitiendaelectro.com\/?post_type=product&#038;p=1900"},"modified":"2026-01-16T18:03:08","modified_gmt":"2026-01-16T23:03:08","slug":"sc-j936-maquina-de-cortar-cabello-profesional-sanci-recargable-pantalla-led-y-carga-usb-tipo-c","status":"publish","type":"product","link":"https:\/\/multitiendaelectro.com\/?product=sc-j936-maquina-de-cortar-cabello-profesional-sanci-recargable-pantalla-led-y-carga-usb-tipo-c","title":{"rendered":"SC-J936 M\u00e1quina de Cortar Cabello Profesional SANCI Recargable, Pantalla LED y Carga USB Tipo C"},"content":{"rendered":"<p><strong>Descripci\u00f3n:\u00a0<\/strong><br \/>\nLa m\u00e1quina de cortar cabello SANCI SC-J936 es un dispositivo de uso profesional y dom\u00e9stico dise\u00f1ado para cortes de cabello y barba. Su dise\u00f1o elegante y ergon\u00f3mico de color dorado con grabados le da un toque sofisticado. Incluye una pantalla digital LED para un control m\u00e1s preciso de la bater\u00eda.<\/p>\n<p><strong>Caracter\u00edsticas:<\/strong><\/p>\n<ul>\n<li>Dimensiones:<br \/>\n16.5x 4 cm<\/li>\n<li>Bater\u00eda:<br \/>\n800 mAh<\/li>\n<li>Voltaje:<br \/>\nDC 5V, 1A,<\/li>\n<li>Potencia:<br \/>\n5W<\/li>\n<li>Tiempo de carga:<br \/>\n2 horas<\/li>\n<li>Tiempo de uso:<br \/>\n120 minutos continuos<\/li>\n<li>Tipo de carga:<br \/>\nPuerto USB Tipo C<\/li>\n<li>Par\u00e1metros de entrada: 5V<\/li>\n<li>Pantalla digital LED:<br \/>\nIndica el nivel de bater\u00eda<\/li>\n<li>Material:<br \/>\nCuerpo met\u00e1lico con grabados dorados<\/li>\n<\/ul>\n<p><strong>Funciones:<\/strong><\/p>\n<ul>\n<li>Corte de cabello y barba:<br \/>\nIdeal para cortes precisos y definidos.<\/li>\n<li>Pantalla LED:<br \/>\nMuestra el nivel de bater\u00eda para un mejor control del uso.<\/li>\n<li>Carga r\u00e1pida:<br \/>\nGracias al puerto USB Tipo-C, se carga en solo 2 horas.<\/li>\n<li>Uso inal\u00e1mbrico:<br \/>\nBater\u00eda de litio recargable que permite 90 minutos de uso continuo.<\/li>\n<li>Accesorios intercambiables:<br \/>\nDiferentes peines gu\u00eda para ajustes de largo de corte.<\/li>\n<li>Dise\u00f1o ergon\u00f3mico:<br \/>\nF\u00e1cil de manejar y c\u00f3moda al usar por largos periodos.<\/li>\n<\/ul>\n<p><strong>Accesorios incluidos:<\/strong><\/p>\n<ul>\n<li>Maquina de corte<\/li>\n<li>7 Cuchillas y adaptadores de corte<\/li>\n<li>9 Gu\u00edas de corte<\/li>\n<li>Cable USB tipo C<\/li>\n<li>Base de carga<\/li>\n<li>Accesorios de limpieza.<\/li>\n<\/ul>\n","protected":false},"excerpt":{"rendered":"<p><strong>Condici\u00f3n del producto:\u00a0<\/strong>Nuevo<\/p>\n<p><strong>Material:\u00a0<\/strong>Acero inoxidable<\/p>\n<p><strong>Marca:\u00a0<\/strong>Sanci<\/p>\n<p><strong>Modelo:\u00a0<\/strong>SC-J936<\/p>\n<p><strong>Pa\u00eds de origen:\u00a0<\/strong>China<\/p>\n<p><strong>Bater\u00eda:\u00a0<\/strong>800 mAh<\/p>\n<p><strong>Potencia:<\/strong>\u00a05W<\/p>\n<p><strong>Resistente al agua:\u00a0<\/strong>Si<\/p>\n","protected":false},"featured_media":1901,"comment_status":"open","ping_status":"closed","template":"","meta":{"advanced_seo_description":"","jetpack_seo_html_title":"","jetpack_seo_noindex":false},"product_brand":[99],"product_cat":[56],"product_tag":[],"class_list":{"0":"post-1900","1":"product","2":"type-product","3":"status-publish","4":"has-post-thumbnail","6":"product_brand-sanci","7":"product_cat-barberia","8":"wzta-woo-product-list","9":"opn-qv-enable","10":"royal-shop-woo-hover-zoom","11":"royal-shop-single-product-tab-horizontal","12":"royal-shop-shadow-","13":"royal-shop-shadow-hover-","15":"first","16":"outofstock","17":"shipping-taxable","18":"purchasable","19":"product-type-simple"},"jetpack_sharing_enabled":true,"_links":{"self":[{"href":"https:\/\/multitiendaelectro.com\/index.php?rest_route=\/wp\/v2\/product\/1900","targetHints":{"allow":["GET"]}}],"collection":[{"href":"https:\/\/multitiendaelectro.com\/index.php?rest_route=\/wp\/v2\/product"}],"about":[{"href":"https:\/\/multitiendaelectro.com\/index.php?rest_route=\/wp\/v2\/types\/product"}],"replies":[{"embeddable":true,"href":"https:\/\/multitiendaelectro.com\/index.php?rest_route=%2Fwp%2Fv2%2Fcomments&post=1900"}],"wp:featuredmedia":[{"embeddable":true,"href":"https:\/\/multitiendaelectro.com\/index.php?rest_route=\/wp\/v2\/media\/1901"}],"wp:attachment":[{"href":"https:\/\/multitiendaelectro.com\/index.php?rest_route=%2Fwp%2Fv2%2Fmedia&parent=1900"}],"wp:term":[{"taxonomy":"product_brand","embeddable":true,"href":"https:\/\/multitiendaelectro.com\/index.php?rest_route=%2Fwp%2Fv2%2Fproduct_brand&post=1900"},{"taxonomy":"product_cat","embeddable":true,"href":"https:\/\/multitiendaelectro.com\/index.php?rest_route=%2Fwp%2Fv2%2Fproduct_cat&post=1900"},{"taxonomy":"product_tag","embeddable":true,"href":"https:\/\/multitiendaelectro.com\/index.php?rest_route=%2Fwp%2Fv2%2Fproduct_tag&post=1900"}],"curies":[{"name":"wp","href":"https:\/\/api.w.org\/{rel}","templated":true}]}}