{"id":1794,"date":"2025-02-12T16:19:14","date_gmt":"2025-02-12T21:19:14","guid":{"rendered":"https:\/\/multitiendaelectro.com\/?post_type=product&#038;p=1794"},"modified":"2026-02-10T09:17:20","modified_gmt":"2026-02-10T14:17:20","slug":"ld-s639-parlante-lidimi-bluetooth-con-asa-tws-y-efecto-de-luces-rgb","status":"publish","type":"product","link":"https:\/\/multitiendaelectro.com\/?product=ld-s639-parlante-lidimi-bluetooth-con-asa-tws-y-efecto-de-luces-rgb","title":{"rendered":"LD-S639 Parlante Lidimi Bluetooth con Asa, TWS y Efecto de Luces RGB 20W"},"content":{"rendered":"<h3 data-start=\"1349\" data-end=\"1402\"><strong data-start=\"1353\" data-end=\"1400\">Altavoz Bluetooth con Asa, TWS y Efecto RGB<\/strong><\/h3>\n<h3><strong>Descripci\u00f3n:<\/strong><\/h3>\n<p data-start=\"1404\" data-end=\"1554\">El LIDIMI LD-S639 es un altavoz port\u00e1til Bluetooth con dise\u00f1o robusto y ergon\u00f3mico, ideal para interiores y exteriores. Su asa integrada facilita el transporte, mientras que su potente sonido garantiza una experiencia auditiva envolvente. Cuenta con radio FM, conectividad USB, tarjeta TF y tecnolog\u00eda TWS para conectar m\u00faltiples altavoces. Adem\u00e1s, incorpora efectos de luz RGB para una experiencia visual atractiva.<\/p>\n<h3 data-start=\"1556\" data-end=\"1592\"><strong data-start=\"1560\" data-end=\"1590\">Caracter\u00edsticas:<\/strong><\/h3>\n<ul data-start=\"1594\" data-end=\"2240\">\n<li data-start=\"1594\" data-end=\"1639\"><strong data-start=\"1596\" data-end=\"1615\">Dimensiones:<\/strong> 29.5 \u00d7 12.5 \u00d7 16.8 cm<\/li>\n<li data-start=\"1640\" data-end=\"1718\"><strong data-start=\"1642\" data-end=\"1658\">Potencia:<\/strong> 20W<\/li>\n<li data-start=\"1719\" data-end=\"1811\"><strong data-start=\"1721\" data-end=\"1741\">Conectividad:<\/strong> Bluetooth, tarjeta TF, memoria USB, radio FM y funci\u00f3n TWS.<\/li>\n<li data-start=\"1812\" data-end=\"1924\"><strong data-start=\"1814\" data-end=\"1836\">Tecnolog\u00eda TWS:<\/strong> Posibilidad de conectar dos parlantes al mismo tiempo para un sonido est\u00e9reo expansivo.<\/li>\n<li data-start=\"1925\" data-end=\"2040\"><strong data-start=\"1927\" data-end=\"1944\">Luces RGB:<\/strong> Iluminaci\u00f3n LED que responde al ritmo de la m\u00fasica, creando una experiencia visual inmersiva.<\/li>\n<li data-start=\"2041\" data-end=\"2144\"><strong data-start=\"2043\" data-end=\"2076\">Bater\u00eda de larga duraci\u00f3n:<\/strong> Dise\u00f1ada para ofrecer reproducci\u00f3n prolongada sin interrupciones.<\/li>\n<li data-start=\"2145\" data-end=\"2240\"><strong data-start=\"2147\" data-end=\"2180\">Dise\u00f1o ergon\u00f3mico con asa:<\/strong> F\u00e1cil de transportar, robusto y adecuado para exteriores.<\/li>\n<\/ul>\n<h3><strong>Accesorios incluidos:<\/strong><\/h3>\n<ul>\n<li>Cable de carga USB tipo C<\/li>\n<li>Cable auxiliar<\/li>\n<\/ul>\n","protected":false},"excerpt":{"rendered":"<p><strong>Condici\u00f3n del producto:\u00a0<\/strong>\u00a0Nuevo<\/p>\n<p><strong>Material:\u00a0<\/strong>\u00a0ABS<\/p>\n<p><strong>Marca:\u00a0<\/strong>Lidimi<\/p>\n<p><strong>Modelo:\u00a0<\/strong> LD-S639<\/p>\n<p><strong>Pa\u00eds de origen:\u00a0<\/strong>China<\/p>\n<p><strong>Potencia: <\/strong>20W<\/p>\n<p><strong>Resistente al agua:<\/strong>\u00a0No<\/p>\n","protected":false},"featured_media":1807,"comment_status":"open","ping_status":"closed","template":"","meta":{"advanced_seo_description":"","jetpack_seo_html_title":"","jetpack_seo_noindex":false},"product_brand":[97],"product_cat":[128,53],"product_tag":[],"class_list":{"0":"post-1794","1":"product","2":"type-product","3":"status-publish","4":"has-post-thumbnail","6":"product_brand-lidimi","7":"product_cat-parlantes-medianos","8":"product_cat-parlantes","9":"product_shipping_class-paquete-s","10":"wzta-woo-product-list","11":"opn-qv-enable","12":"royal-shop-woo-hover-zoom","13":"royal-shop-single-product-tab-horizontal","14":"royal-shop-shadow-","15":"royal-shop-shadow-hover-","17":"first","18":"instock","19":"shipping-taxable","20":"purchasable","21":"product-type-simple"},"jetpack_sharing_enabled":true,"_links":{"self":[{"href":"https:\/\/multitiendaelectro.com\/index.php?rest_route=\/wp\/v2\/product\/1794","targetHints":{"allow":["GET"]}}],"collection":[{"href":"https:\/\/multitiendaelectro.com\/index.php?rest_route=\/wp\/v2\/product"}],"about":[{"href":"https:\/\/multitiendaelectro.com\/index.php?rest_route=\/wp\/v2\/types\/product"}],"replies":[{"embeddable":true,"href":"https:\/\/multitiendaelectro.com\/index.php?rest_route=%2Fwp%2Fv2%2Fcomments&post=1794"}],"wp:featuredmedia":[{"embeddable":true,"href":"https:\/\/multitiendaelectro.com\/index.php?rest_route=\/wp\/v2\/media\/1807"}],"wp:attachment":[{"href":"https:\/\/multitiendaelectro.com\/index.php?rest_route=%2Fwp%2Fv2%2Fmedia&parent=1794"}],"wp:term":[{"taxonomy":"product_brand","embeddable":true,"href":"https:\/\/multitiendaelectro.com\/index.php?rest_route=%2Fwp%2Fv2%2Fproduct_brand&post=1794"},{"taxonomy":"product_cat","embeddable":true,"href":"https:\/\/multitiendaelectro.com\/index.php?rest_route=%2Fwp%2Fv2%2Fproduct_cat&post=1794"},{"taxonomy":"product_tag","embeddable":true,"href":"https:\/\/multitiendaelectro.com\/index.php?rest_route=%2Fwp%2Fv2%2Fproduct_tag&post=1794"}],"curies":[{"name":"wp","href":"https:\/\/api.w.org\/{rel}","templated":true}]}}