{"id":1643,"date":"2024-12-31T12:04:31","date_gmt":"2024-12-31T17:04:31","guid":{"rendered":"https:\/\/multitiendaelectro.com\/?post_type=product&#038;p=1643"},"modified":"2025-12-23T12:06:06","modified_gmt":"2025-12-23T17:06:06","slug":"parlante-lidimi-ld-cm7803-portatil-y-potente-sonido","status":"publish","type":"product","link":"https:\/\/multitiendaelectro.com\/?product=parlante-lidimi-ld-cm7803-portatil-y-potente-sonido","title":{"rendered":"LD-CM7803 Parlante Lidimi Port\u00e1til y Potente Sonido 38W"},"content":{"rendered":"<h3><strong>Parlante LIDIMI LD-CM7803 con Estilo, Portabilidad y Sonido Superior:<\/strong><\/h3>\n<p>El Parlante LIDIMI LD-CM7803 combina dise\u00f1o elegante con tecnolog\u00eda avanzada para ofrecerte una experiencia de sonido \u00fanica. Fabricado con un resistente cuerpo de madera, cuenta con un altavoz de 115 mm (4.5&#8243;) y 40 mm (1.5&#8243;), una bater\u00eda de 3600 mAh y una potencia de 30W + 8W, ideal para tus momentos de m\u00fasica. Su conectividad vers\u00e1til incluye Bluetooth, USB, AUX, TF, FM y entrada Type-C. Con su micr\u00f3fono inal\u00e1mbrico incluido y luces LED integradas, este parlante es perfecto para karaoke, reuniones y eventos al aire libre. \u00a1Ll\u00e9valo contigo y disfruta de una experiencia de sonido port\u00e1til y potente!<\/p>\n<h3>Caracter\u00edsticas:<\/h3>\n<ul>\n<li>Dimensiones: 32.5 cm x 14.8 cm x 21 cm.<\/li>\n<li>Material: Caja de madera para un sonido m\u00e1s envolvente.<\/li>\n<li>Altavoces:\n<ul>\n<li>Woofer de 115 mm (4.5&#8243;).<\/li>\n<li>Tweeter de 40 mm (1.5&#8243;).<\/li>\n<\/ul>\n<\/li>\n<li>Bater\u00eda:\n<ul>\n<li>Capacidad: 3600 mAh (3.7V).<\/li>\n<li>Tiempo de uso prolongado.<\/li>\n<\/ul>\n<\/li>\n<li>Potencia: 38W<\/li>\n<li>Conectividad:\n<ul>\n<li>Bluetooth.<\/li>\n<li>USB, AUX, TF.<\/li>\n<li>Radio FM.<\/li>\n<li>Entrada Type-C para carga.<\/li>\n<\/ul>\n<\/li>\n<li>Iluminaci\u00f3n: Luces LED decorativas para ambientar tu m\u00fasica.<\/li>\n<li>Dise\u00f1o port\u00e1til: Asa superior para f\u00e1cil transporte.<\/li>\n<\/ul>\n<h3><strong>Accesorios incluidos:<\/strong><\/h3>\n<ul>\n<li style=\"list-style-type: none\">\n<ul>\n<li>1 micr\u00f3fono inal\u00e1mbrico.<\/li>\n<li>Cables de conexi\u00f3n.<\/li>\n<\/ul>\n<\/li>\n<\/ul>\n","protected":false},"excerpt":{"rendered":"<p><strong>Condici\u00f3n del producto:<\/strong>\u00a0 Nuevo<\/p>\n<p><strong>Material:<\/strong>\u00a0\u00a0ABS<\/p>\n<p><strong>Marca:<\/strong>\u00a0Lidimi<\/p>\n<p><strong>Modelo:\u00a0<\/strong> LD-CM7803<\/p>\n<p><strong>Pa\u00eds de origen:<\/strong>\u00a0China<\/p>\n<p><strong>Potencia:<\/strong> 38W<\/p>\n<p><strong>Resistente al agua:<\/strong>\u00a0No<\/p>\n","protected":false},"featured_media":1644,"comment_status":"open","ping_status":"closed","template":"","meta":{"advanced_seo_description":"","jetpack_seo_html_title":"","jetpack_seo_noindex":false},"product_brand":[97],"product_cat":[53,54],"product_tag":[],"class_list":{"0":"post-1643","1":"product","2":"type-product","3":"status-publish","4":"has-post-thumbnail","6":"product_brand-lidimi","7":"product_cat-parlantes","8":"product_cat-mini-parlantes","9":"product_shipping_class-paquete-m","10":"wzta-woo-product-list","11":"opn-qv-enable","12":"royal-shop-woo-hover-zoom","13":"royal-shop-single-product-tab-horizontal","14":"royal-shop-shadow-","15":"royal-shop-shadow-hover-","17":"first","18":"instock","19":"shipping-taxable","20":"purchasable","21":"product-type-simple"},"jetpack_sharing_enabled":true,"_links":{"self":[{"href":"https:\/\/multitiendaelectro.com\/index.php?rest_route=\/wp\/v2\/product\/1643","targetHints":{"allow":["GET"]}}],"collection":[{"href":"https:\/\/multitiendaelectro.com\/index.php?rest_route=\/wp\/v2\/product"}],"about":[{"href":"https:\/\/multitiendaelectro.com\/index.php?rest_route=\/wp\/v2\/types\/product"}],"replies":[{"embeddable":true,"href":"https:\/\/multitiendaelectro.com\/index.php?rest_route=%2Fwp%2Fv2%2Fcomments&post=1643"}],"wp:featuredmedia":[{"embeddable":true,"href":"https:\/\/multitiendaelectro.com\/index.php?rest_route=\/wp\/v2\/media\/1644"}],"wp:attachment":[{"href":"https:\/\/multitiendaelectro.com\/index.php?rest_route=%2Fwp%2Fv2%2Fmedia&parent=1643"}],"wp:term":[{"taxonomy":"product_brand","embeddable":true,"href":"https:\/\/multitiendaelectro.com\/index.php?rest_route=%2Fwp%2Fv2%2Fproduct_brand&post=1643"},{"taxonomy":"product_cat","embeddable":true,"href":"https:\/\/multitiendaelectro.com\/index.php?rest_route=%2Fwp%2Fv2%2Fproduct_cat&post=1643"},{"taxonomy":"product_tag","embeddable":true,"href":"https:\/\/multitiendaelectro.com\/index.php?rest_route=%2Fwp%2Fv2%2Fproduct_tag&post=1643"}],"curies":[{"name":"wp","href":"https:\/\/api.w.org\/{rel}","templated":true}]}}