{"id":1551,"date":"2024-12-20T10:15:03","date_gmt":"2024-12-20T15:15:03","guid":{"rendered":"https:\/\/multitiendaelectro.com\/?post_type=product&#038;p=1551"},"modified":"2026-01-16T17:57:35","modified_gmt":"2026-01-16T22:57:35","slug":"parlante-bluetooth-lidimi-ld-s930-40w-de-potencia-bateria-duradera-y-luces-led","status":"publish","type":"product","link":"https:\/\/multitiendaelectro.com\/?product=parlante-bluetooth-lidimi-ld-s930-40w-de-potencia-bateria-duradera-y-luces-led","title":{"rendered":"LD-S930 Parlante Bluetooth LIDIMI 40W de Potencia, Bater\u00eda Duradera y Luces LED"},"content":{"rendered":"<p>El parlante LIDIMI LD-S930 es un sistema de audio port\u00e1til con dise\u00f1o moderno e iluminaci\u00f3n LED integrada que ofrece una experiencia de sonido vibrante y atractiva. Ideal para eventos, reuniones o karaoke, combina calidad de sonido con funciones vers\u00e1tiles y facilidad de uso.<\/p>\n<ul>\n<li><strong>BASS-X:<\/strong> Siente cada golpe de ritmo con el poder extra de Bass-X. Nuestros parlantes est\u00e1n dise\u00f1ados para ofrecer unos graves intensos y profundos que amplifican cada canci\u00f3n. Perfecto para quienes buscan una experiencia de sonido vibrante, donde cada nota grave se siente en el cuerpo. \u00a1Lleva tu m\u00fasica al l\u00edmite con el impresionante Bass-X<\/li>\n<li><strong>Dimensiones:<\/strong> 25 \u00d7 27.5 \u00d7 61.5 cm.<\/li>\n<li><strong>Tama\u00f1o de los parlantes:<\/strong> 6.5\u201d \u00d7 2 + 3\u201d \u00d7 1.<\/li>\n<li><strong>Potencia:<\/strong> 40W.<\/li>\n<li><strong>Voltaje:<\/strong> 7.4V.<\/li>\n<li><strong>Capacidad de bater\u00eda: <\/strong>4500 mAh recargable para uso prolongado.<\/li>\n<li><strong>Conectividad: <\/strong>USB, TF, FM, Bluetooth (BT), AUX.<\/li>\n<li><strong>Iluminaci\u00f3n LED:<\/strong> integrada para efectos visuales atractivos.<\/li>\n<li><strong>Entrada para micr\u00f3fonos: <\/strong>(2 orificios).<\/li>\n<li><strong>Radio FM integrada:<\/strong> Este parlante cuenta con radio FM para que no dejes de escuchar a tu emisora favorita.<\/li>\n<\/ul>\n<p><strong>Accesorios incluidos:<\/strong><\/p>\n<ul>\n<li>Parlante<\/li>\n<li>Micr\u00f3fono inal\u00e1mbrico.<\/li>\n<li>Cable de carga tipo C.<\/li>\n<li>Control remoto<\/li>\n<li>Manual de uso<\/li>\n<\/ul>\n<ol>\n<li style=\"list-style-type: none\"><\/li>\n<\/ol>\n","protected":false},"excerpt":{"rendered":"<p><strong>Condici\u00f3n del producto:\u00a0<\/strong>\u00a0Nuevo<\/p>\n<p><strong>Material:\u00a0<\/strong>\u00a0ABS<\/p>\n<p><strong>Marca:\u00a0<\/strong>Lidimi<\/p>\n<p><strong>Modelo:\u00a0<\/strong> LD-S930<\/p>\n<p><strong>Pa\u00eds de origen:\u00a0<\/strong>China<\/p>\n<p><strong>Potencia:<\/strong> 40W<\/p>\n<p><strong>Entrada de micr\u00f3fono:<\/strong> Si<\/p>\n","protected":false},"featured_media":1552,"comment_status":"open","ping_status":"closed","template":"","meta":{"advanced_seo_description":"","jetpack_seo_html_title":"","jetpack_seo_noindex":false},"product_brand":[97],"product_cat":[128,53],"product_tag":[],"class_list":{"0":"post-1551","1":"product","2":"type-product","3":"status-publish","4":"has-post-thumbnail","6":"product_brand-lidimi","7":"product_cat-parlantes-medianos","8":"product_cat-parlantes","9":"wzta-woo-product-list","10":"opn-qv-enable","11":"royal-shop-woo-hover-zoom","12":"royal-shop-single-product-tab-horizontal","13":"royal-shop-shadow-","14":"royal-shop-shadow-hover-","16":"first","17":"instock","18":"shipping-taxable","19":"purchasable","20":"product-type-simple"},"jetpack_sharing_enabled":true,"_links":{"self":[{"href":"https:\/\/multitiendaelectro.com\/index.php?rest_route=\/wp\/v2\/product\/1551","targetHints":{"allow":["GET"]}}],"collection":[{"href":"https:\/\/multitiendaelectro.com\/index.php?rest_route=\/wp\/v2\/product"}],"about":[{"href":"https:\/\/multitiendaelectro.com\/index.php?rest_route=\/wp\/v2\/types\/product"}],"replies":[{"embeddable":true,"href":"https:\/\/multitiendaelectro.com\/index.php?rest_route=%2Fwp%2Fv2%2Fcomments&post=1551"}],"wp:featuredmedia":[{"embeddable":true,"href":"https:\/\/multitiendaelectro.com\/index.php?rest_route=\/wp\/v2\/media\/1552"}],"wp:attachment":[{"href":"https:\/\/multitiendaelectro.com\/index.php?rest_route=%2Fwp%2Fv2%2Fmedia&parent=1551"}],"wp:term":[{"taxonomy":"product_brand","embeddable":true,"href":"https:\/\/multitiendaelectro.com\/index.php?rest_route=%2Fwp%2Fv2%2Fproduct_brand&post=1551"},{"taxonomy":"product_cat","embeddable":true,"href":"https:\/\/multitiendaelectro.com\/index.php?rest_route=%2Fwp%2Fv2%2Fproduct_cat&post=1551"},{"taxonomy":"product_tag","embeddable":true,"href":"https:\/\/multitiendaelectro.com\/index.php?rest_route=%2Fwp%2Fv2%2Fproduct_tag&post=1551"}],"curies":[{"name":"wp","href":"https:\/\/api.w.org\/{rel}","templated":true}]}}