{"id":1527,"date":"2024-12-17T17:04:00","date_gmt":"2024-12-17T22:04:00","guid":{"rendered":"https:\/\/multitiendaelectro.com\/?post_type=product&#038;p=1527"},"modified":"2026-01-16T17:57:45","modified_gmt":"2026-01-16T22:57:45","slug":"parlante-portatil-lidimi-excelente-sonido-con-microfono-ld-s012ac","status":"publish","type":"product","link":"https:\/\/multitiendaelectro.com\/?product=parlante-portatil-lidimi-excelente-sonido-con-microfono-ld-s012ac","title":{"rendered":"LD-S012AC Parlante Port\u00e1til Lidimi Excelente Sonido con Micr\u00f3fono | 120W"},"content":{"rendered":"<div><b>CONVIERTE TU CASA EN UN KARAOKE Y TAMBIEN DISFRUTA DE 8 A 10 HORAS DE REPRODUCCION SIN PARAR<\/b><\/div>\n<div>Ecualizador: Convierte cada espacio en una experiencia sonora \u00fanica. Desde vibraciones poderosas que llenan la sala, hasta detalles cristalinos que te sumergen en cada canci\u00f3n o pel\u00edcula, el ecualizador te permite llevar el sonido m\u00e1s all\u00e1 de lo com\u00fan. \u00a1Haz que cada nota suene exactamente como a ti te gusta!<\/div>\n<div>\n<p>Radio FM integrada: Este parlante cuenta con radio FM para que no dejes de escuchar a tu emisora favorita.<\/p>\n<\/div>\n<div>\n<p>Potencia: 120W<\/p>\n<\/div>\n<div>\n<p>Luces RGB: Este parlante cuenta con diferentes colores de luces r\u00edtmicas<\/p>\n<\/div>\n<div>\n<p>Sonido Dual Inal\u00e1mbrico: Ahora podr\u00e1s reproducir el mismo sonido en 2 parlantes al mismo tiempo y conectado desde un solo dispositivo.<\/p>\n<\/div>\n<div>\n<p>Capacidad de la bater\u00eda: 7.4V 8000 mAh<\/p>\n<\/div>\n<div>\n<p>Conectividad: Conecta tu m\u00fasica a este parlante desde bluetooth, USB, auxiliar, micr\u00f3fono y tarjeta memoria.<\/p>\n<\/div>\n<div>\n<p><strong>Accesorios incluidos:<\/strong><\/p>\n<ul>\n<li>1 Cargador<\/li>\n<li>1 Manual de uso<\/li>\n<li>1 Cable Auxiliar<\/li>\n<li>1 Micr\u00f3fono<\/li>\n<\/ul>\n<\/div>\n","protected":false},"excerpt":{"rendered":"<p><strong>Condici\u00f3n del producto:<\/strong>\u00a0 Nuevo<\/p>\n<p><strong>Material:<\/strong>\u00a0\u00a0ABS<\/p>\n<p><strong>Marca:<\/strong>\u00a0Lidimi<\/p>\n<p><strong>Modelo:\u00a0<\/strong> LD-S012AC<\/p>\n<p><strong>Pa\u00eds de origen:<\/strong>\u00a0China<\/p>\n<p><strong>Potencia:<\/strong> 120W<\/p>\n","protected":false},"featured_media":1530,"comment_status":"open","ping_status":"closed","template":"","meta":{"advanced_seo_description":"","jetpack_seo_html_title":"","jetpack_seo_noindex":false},"product_brand":[97],"product_cat":[53,54],"product_tag":[],"class_list":{"0":"post-1527","1":"product","2":"type-product","3":"status-publish","4":"has-post-thumbnail","6":"product_brand-lidimi","7":"product_cat-parlantes","8":"product_cat-mini-parlantes","9":"wzta-woo-product-list","10":"opn-qv-enable","11":"royal-shop-woo-hover-zoom","12":"royal-shop-single-product-tab-horizontal","13":"royal-shop-shadow-","14":"royal-shop-shadow-hover-","16":"first","17":"outofstock","18":"shipping-taxable","19":"purchasable","20":"product-type-simple"},"jetpack_sharing_enabled":true,"_links":{"self":[{"href":"https:\/\/multitiendaelectro.com\/index.php?rest_route=\/wp\/v2\/product\/1527","targetHints":{"allow":["GET"]}}],"collection":[{"href":"https:\/\/multitiendaelectro.com\/index.php?rest_route=\/wp\/v2\/product"}],"about":[{"href":"https:\/\/multitiendaelectro.com\/index.php?rest_route=\/wp\/v2\/types\/product"}],"replies":[{"embeddable":true,"href":"https:\/\/multitiendaelectro.com\/index.php?rest_route=%2Fwp%2Fv2%2Fcomments&post=1527"}],"wp:featuredmedia":[{"embeddable":true,"href":"https:\/\/multitiendaelectro.com\/index.php?rest_route=\/wp\/v2\/media\/1530"}],"wp:attachment":[{"href":"https:\/\/multitiendaelectro.com\/index.php?rest_route=%2Fwp%2Fv2%2Fmedia&parent=1527"}],"wp:term":[{"taxonomy":"product_brand","embeddable":true,"href":"https:\/\/multitiendaelectro.com\/index.php?rest_route=%2Fwp%2Fv2%2Fproduct_brand&post=1527"},{"taxonomy":"product_cat","embeddable":true,"href":"https:\/\/multitiendaelectro.com\/index.php?rest_route=%2Fwp%2Fv2%2Fproduct_cat&post=1527"},{"taxonomy":"product_tag","embeddable":true,"href":"https:\/\/multitiendaelectro.com\/index.php?rest_route=%2Fwp%2Fv2%2Fproduct_tag&post=1527"}],"curies":[{"name":"wp","href":"https:\/\/api.w.org\/{rel}","templated":true}]}}