{"id":1416,"date":"2024-11-18T10:03:03","date_gmt":"2024-11-18T15:03:03","guid":{"rendered":"https:\/\/multitiendaelectro.com\/?post_type=product&#038;p=1416"},"modified":"2025-08-01T17:26:57","modified_gmt":"2025-08-01T22:26:57","slug":"ventilador-domestico-en-oferta-con-120w-de-potencia-marca-cafini-cn-f0610","status":"publish","type":"product","link":"https:\/\/multitiendaelectro.com\/?product=ventilador-domestico-en-oferta-con-120w-de-potencia-marca-cafini-cn-f0610","title":{"rendered":"CN-F0610 Ventilador Domestico en oferta con 120W de potencia marca Cafini"},"content":{"rendered":"<h3><strong>Descripci\u00f3n del Producto:<\/strong><\/h3>\n<p>Este es un ventilador el\u00e9ctrico vertical de la marca Cafini, modelo CN-F0610. Dise\u00f1ado para brindar una circulaci\u00f3n de aire eficiente, cuenta con un tama\u00f1o compacto ideal para uso dom\u00e9stico o de oficina. Su estructura robusta y dise\u00f1o vertical le permiten una mayor estabilidad y durabilidad. Este ventilador cuenta con aspas de aluminio y una malla de hierro, lo cual asegura un rendimiento de alta calidad.<\/p>\n<h3><strong>Caracter\u00edsticas:<\/strong><\/h3>\n<ul>\n<li>Tipo: Ventilador el\u00e9ctrico vertical.<\/li>\n<li>Tama\u00f1o de aspas: 10 pulgadas.<\/li>\n<li>\u00c1ngulo de oscilaci\u00f3n: 180 grados.<\/li>\n<li>Potencia: 120W (50 \u00b1 5W).<\/li>\n<li>Material de las aspas: Aluminio.<\/li>\n<li>Malla protectora: Hierro.<\/li>\n<li>Estructura de chasis: Con cinco agujeros para mayor estabilidad.<\/li>\n<li>Motor: Alambre de aluminio de alta velocidad.<\/li>\n<li>Dimensiones: 27.5 x 21 x 94.5 cm.<\/li>\n<li>Velocidad m\u00e1xima del motor: 6614 rpm (2500 rpm).<\/li>\n<li>Voltaje: 220V.<\/li>\n<\/ul>\n<h3><strong>Accesorios incluidos: <\/strong><\/h3>\n<ul>\n<li>Ventiladora<\/li>\n<li>Manual de uso<\/li>\n<\/ul>\n","protected":false},"excerpt":{"rendered":"<p><strong>Condici\u00f3n del producto:\u00a0<\/strong>Nuevo<\/p>\n<p><strong>Material:\u00a0<\/strong>Aluminio<\/p>\n<p><strong>Marca:\u00a0<\/strong>Cafini<\/p>\n<p><strong>Modelo: \u00a0<\/strong>CN-F0610<\/p>\n<p><strong>Pa\u00eds de origen:\u00a0<\/strong>China<\/p>\n<p><strong>Potencia: <\/strong>120W<\/p>\n<p>&nbsp;<\/p>\n","protected":false},"featured_media":3415,"comment_status":"open","ping_status":"closed","template":"","meta":{"advanced_seo_description":"","jetpack_seo_html_title":"","jetpack_seo_noindex":false},"product_brand":[98],"product_cat":[85],"product_tag":[119],"class_list":{"0":"post-1416","1":"product","2":"type-product","3":"status-publish","4":"has-post-thumbnail","6":"product_brand-cafini","7":"product_cat-ventiladores","8":"product_tag-oferta","9":"wzta-woo-product-list","10":"opn-qv-enable","11":"royal-shop-woo-hover-zoom","12":"royal-shop-single-product-tab-horizontal","13":"royal-shop-shadow-","14":"royal-shop-shadow-hover-","16":"first","17":"instock","18":"sale","19":"shipping-taxable","20":"purchasable","21":"product-type-simple"},"jetpack_sharing_enabled":true,"_links":{"self":[{"href":"https:\/\/multitiendaelectro.com\/index.php?rest_route=\/wp\/v2\/product\/1416","targetHints":{"allow":["GET"]}}],"collection":[{"href":"https:\/\/multitiendaelectro.com\/index.php?rest_route=\/wp\/v2\/product"}],"about":[{"href":"https:\/\/multitiendaelectro.com\/index.php?rest_route=\/wp\/v2\/types\/product"}],"replies":[{"embeddable":true,"href":"https:\/\/multitiendaelectro.com\/index.php?rest_route=%2Fwp%2Fv2%2Fcomments&post=1416"}],"wp:featuredmedia":[{"embeddable":true,"href":"https:\/\/multitiendaelectro.com\/index.php?rest_route=\/wp\/v2\/media\/3415"}],"wp:attachment":[{"href":"https:\/\/multitiendaelectro.com\/index.php?rest_route=%2Fwp%2Fv2%2Fmedia&parent=1416"}],"wp:term":[{"taxonomy":"product_brand","embeddable":true,"href":"https:\/\/multitiendaelectro.com\/index.php?rest_route=%2Fwp%2Fv2%2Fproduct_brand&post=1416"},{"taxonomy":"product_cat","embeddable":true,"href":"https:\/\/multitiendaelectro.com\/index.php?rest_route=%2Fwp%2Fv2%2Fproduct_cat&post=1416"},{"taxonomy":"product_tag","embeddable":true,"href":"https:\/\/multitiendaelectro.com\/index.php?rest_route=%2Fwp%2Fv2%2Fproduct_tag&post=1416"}],"curies":[{"name":"wp","href":"https:\/\/api.w.org\/{rel}","templated":true}]}}