{"id":1253,"date":"2024-11-06T16:57:12","date_gmt":"2024-11-06T21:57:12","guid":{"rendered":"https:\/\/multitiendaelectro.com\/?post_type=product&#038;p=1253"},"modified":"2026-01-16T16:02:28","modified_gmt":"2026-01-16T21:02:28","slug":"mini-impresora-termica-portatil-con-bluetooth-marca-sanci-sc-mp0852","status":"publish","type":"product","link":"https:\/\/multitiendaelectro.com\/?product=mini-impresora-termica-portatil-con-bluetooth-marca-sanci-sc-mp0852","title":{"rendered":"SC-MP0852 Mini impresora t\u00e9rmica port\u00e1til con bluetooth marca Sanci"},"content":{"rendered":"<h3><strong>Imprime de inmediato y en cualquier lugar sin cables:\u00a0<\/strong><\/h3>\n<ul>\n<li>Es una mini impresora t\u00e9rmica port\u00e1til con un dise\u00f1o adorable, perfecta para los amantes de la organizaci\u00f3n y la creatividad. Su carcasa tiene un estilo cl\u00e1sico, lo que la hace visualmente atractiva y distinta de las impresoras convencionales.<\/li>\n<li>Dise\u00f1ada para ser ligera y compacta, es f\u00e1cil de llevar en cualquier bolso o mochila, permitiendo a los usuarios imprimir de manera pr\u00e1ctica y r\u00e1pida desde su dispositivo m\u00f3vil. Es ideal para imprimir notas, fotos en blanco y negro, etiquetas, listas de tareas, recordatorios, o incluso peque\u00f1os gr\u00e1ficos, lo que la convierte en una herramienta vers\u00e1til tanto para el \u00e1mbito personal como profesional.<\/li>\n<\/ul>\n<h3><strong>Caracter\u00edsticas:\u00a0<\/strong><\/h3>\n<ul>\n<li><strong>Conectividad Bluetooth:<\/strong> Esta impresora es compatible con dispositivos m\u00f3viles mediante tecnolog\u00eda Bluetooth. El proceso de conexi\u00f3n es r\u00e1pido y sencillo; solo es necesario buscar el dispositivo bajo el nombre de **MX11** en la lista de Bluetooth del m\u00f3vil y emparejarlo para comenzar a imprimir sin cables.<\/li>\n<li><strong>Aplicaci\u00f3n Fun Print<\/strong>: Compatible con la app Fun Print (disponible para Android y iOS). Permite personalizar contenido antes de imprimir (filtros, ajustes de brillo y contraste, plantillas de etiquetas, entre otros).<\/li>\n<li><strong>Bater\u00eda Recargable<\/strong>: Bater\u00eda de 1200 mAh de larga duraci\u00f3n, recargable a trav\u00e9s de puerto USB, lo que permite recargarla en cualquier lugar usando cargadores port\u00e1tiles o computadoras.<\/li>\n<li><strong>Impresi\u00f3n en Blanco y Negro<\/strong>: Utiliza tecnolog\u00eda t\u00e9rmica, lo que elimina la necesidad de tinta o t\u00f3ner adem\u00e1s Imprime exclusivamente en blanco y negro, ideal para textos y gr\u00e1ficos n\u00edtidos.<\/li>\n<li><strong>Dise\u00f1o Port\u00e1til y Compacto<\/strong>: Dimensiones reducidas (8 cm de ancho, 3.8 cm de grosor, 8 cm de alto) , peso ligero, con colores pastel (rosa y celeste), f\u00e1cil de transportar y atractivo visualmente.<\/li>\n<li><strong>F\u00e1cil de Usar<\/strong>: Intuitiva, sencilla de operar, solo requiere conectar v\u00eda Bluetooth, abrir la app, seleccionar contenido y presionar \u201cimprimir\u201d.<\/li>\n<\/ul>\n<h3><strong>Accesorios incluidos:\u00a0<\/strong><\/h3>\n<ul>\n<li>1 Mini impresora<\/li>\n<li>1 Cable de carga<\/li>\n<li>1 Manual<\/li>\n<li>Rollo de papel de imprenta<\/li>\n<\/ul>\n","protected":false},"excerpt":{"rendered":"<p><strong>Condici\u00f3n del producto:\u00a0<\/strong>Nuevo<\/p>\n<p><strong>Material:\u00a0<\/strong>ABS<\/p>\n<p><strong>Marca:\u00a0<\/strong>Sanci<\/p>\n<p><strong>Modelo:\u00a0<\/strong>SC-MP0852<\/p>\n<p><strong>Pa\u00eds de origen:\u00a0<\/strong>China<\/p>\n<p><strong>Bater\u00eda:\u00a0<\/strong>1200 mAh<\/p>\n<p><strong>Resistente al agua:\u00a0<\/strong>No<\/p>\n","protected":false},"featured_media":1254,"comment_status":"open","ping_status":"closed","template":"","meta":{"advanced_seo_description":"","jetpack_seo_html_title":"","jetpack_seo_noindex":false},"product_brand":[99],"product_cat":[150,83],"product_tag":[],"class_list":{"0":"post-1253","1":"product","2":"type-product","3":"status-publish","4":"has-post-thumbnail","6":"product_brand-sanci","7":"product_cat-impresoras-termicas","8":"product_cat-mini-impresoras-accesorios-para-celulares","9":"wzta-woo-product-list","10":"opn-qv-enable","11":"royal-shop-woo-hover-zoom","12":"royal-shop-single-product-tab-horizontal","13":"royal-shop-shadow-","14":"royal-shop-shadow-hover-","16":"first","17":"instock","18":"sale","19":"shipping-taxable","20":"purchasable","21":"product-type-simple"},"jetpack_sharing_enabled":true,"_links":{"self":[{"href":"https:\/\/multitiendaelectro.com\/index.php?rest_route=\/wp\/v2\/product\/1253","targetHints":{"allow":["GET"]}}],"collection":[{"href":"https:\/\/multitiendaelectro.com\/index.php?rest_route=\/wp\/v2\/product"}],"about":[{"href":"https:\/\/multitiendaelectro.com\/index.php?rest_route=\/wp\/v2\/types\/product"}],"replies":[{"embeddable":true,"href":"https:\/\/multitiendaelectro.com\/index.php?rest_route=%2Fwp%2Fv2%2Fcomments&post=1253"}],"wp:featuredmedia":[{"embeddable":true,"href":"https:\/\/multitiendaelectro.com\/index.php?rest_route=\/wp\/v2\/media\/1254"}],"wp:attachment":[{"href":"https:\/\/multitiendaelectro.com\/index.php?rest_route=%2Fwp%2Fv2%2Fmedia&parent=1253"}],"wp:term":[{"taxonomy":"product_brand","embeddable":true,"href":"https:\/\/multitiendaelectro.com\/index.php?rest_route=%2Fwp%2Fv2%2Fproduct_brand&post=1253"},{"taxonomy":"product_cat","embeddable":true,"href":"https:\/\/multitiendaelectro.com\/index.php?rest_route=%2Fwp%2Fv2%2Fproduct_cat&post=1253"},{"taxonomy":"product_tag","embeddable":true,"href":"https:\/\/multitiendaelectro.com\/index.php?rest_route=%2Fwp%2Fv2%2Fproduct_tag&post=1253"}],"curies":[{"name":"wp","href":"https:\/\/api.w.org\/{rel}","templated":true}]}}